{"id":6,"date":"2021-09-02T10:41:55","date_gmt":"2021-09-02T10:41:55","guid":{"rendered":"https:\/\/landl1206.com\/?page_id=6"},"modified":"2021-09-15T07:53:39","modified_gmt":"2021-09-15T05:53:39","slug":"rolunk","status":"publish","type":"page","link":"https:\/\/keyvoicetech.hu\/?page_id=6","title":{"rendered":"R\u00f3lunk"},"content":{"rendered":"\n<p><\/p>\n\n\n\n<p>A v\u00e1llalkoz\u00e1s 1995-ben indult. Kezdetben eseti jelleg\u0171 sz\u00e1mit\u00e1stechnikai munk\u00e1k \u00e9s kisebb megrendel\u00e9sek szerepeltek a c\u00e9g \u00e1ltal ny\u00fajtott szolg\u00e1ltat\u00e1sok k\u00f6z\u00f6tt. A id\u0151 \u00e9s a technika el\u0151rehaladta, az \u00fcgyfelek t\u00f6retlen fejl\u0151d\u00e9se, minket is \u00faj \u00e9s komolyabb kih\u00edv\u00e1sok el\u00e9 \u00e1ll\u00edtott, ezzel egyidej\u0171leg a tapasztalat \u00e9s a tud\u00e1s folyamatosan n\u00f6vekedett. M\u00e1ra sz\u00e1mos kis \u00e9s k\u00f6zepes m\u00e9ret\u0171 v\u00e1llalkoz\u00e1s sz\u00e1m\u00e1ra ny\u00fajtunk komplett informatikai szolg\u00e1ltat\u00e1sokat. <\/p>\n\n\n\n<p>C\u00e9lunk, hogy testreszabott, k\u00f6lts\u00e9ghat\u00e9kony, \u00e9s egyben korszer\u0171 informatikai megold\u00e1sokkal t\u00e1mogassuk mind a m\u00e1r megl\u00e9v\u0151, mind az \u00faj partnereinket, \u00e9s ez\u00e1ltal k\u00f6zrem\u0171k\u00f6dj\u00fcnk az \u00fczleti fejl\u00f4d\u00e9s\u00fckben, a hat\u00e9konys\u00e1guk n\u00f6vel\u00e9s\u00e9ben.<br>A hat\u00e9konys\u00e1g jav\u00edt\u00e1s\u00e1hoz elengedhetetlen az informatikai h\u00e1tt\u00e9r rendszeres fejleszt\u00e9se, valamint a \u00faj, hasznos technol\u00f3gi\u00e1k megismer\u00e9se, k\u00f6vet\u00e9se. Ezen feladatok hat\u00e9kony megold\u00e1s\u00e1ban m\u0171k\u00f6d\u00fcnk k\u00f6zre \u00dcgyfeleinkkel.<\/p>\n","protected":false},"excerpt":{"rendered":"<p>A v\u00e1llalkoz\u00e1s 1995-ben indult. Kezdetben eseti jelleg\u0171 sz\u00e1mit\u00e1stechnikai munk\u00e1k \u00e9s kisebb megrendel\u00e9sek szerepeltek a c\u00e9g \u00e1ltal ny\u00fajtott szolg\u00e1ltat\u00e1sok k\u00f6z\u00f6tt. A id\u0151 \u00e9s a technika el\u0151rehaladta, az \u00fcgyfelek t\u00f6retlen fejl\u0151d\u00e9se, minket is \u00faj \u00e9s komolyabb kih\u00edv\u00e1sok el\u00e9 \u00e1ll\u00edtott, ezzel egyidej\u0171leg a tapasztalat \u00e9s a tud\u00e1s folyamatosan n\u00f6vekedett. M\u00e1ra sz\u00e1mos kis \u00e9s k\u00f6zepes m\u00e9ret\u0171 v\u00e1llalkoz\u00e1s sz\u00e1m\u00e1ra ny\u00fajtunk &hellip; <\/p>\n<p class=\"link-more\"><a href=\"https:\/\/keyvoicetech.hu\/?page_id=6\" class=\"more-link\"><span class=\"screen-reader-text\">&#8222;R\u00f3lunk&#8221;<\/span> b\u0151vebben<\/a><\/p>\n","protected":false},"author":1,"featured_media":0,"parent":0,"menu_order":0,"comment_status":"closed","ping_status":"closed","template":"","meta":{"footnotes":""},"class_list":["post-6","page","type-page","status-publish","hentry"],"aioseo_notices":[],"_links":{"self":[{"href":"https:\/\/keyvoicetech.hu\/index.php?rest_route=\/wp\/v2\/pages\/6","targetHints":{"allow":["GET"]}}],"collection":[{"href":"https:\/\/keyvoicetech.hu\/index.php?rest_route=\/wp\/v2\/pages"}],"about":[{"href":"https:\/\/keyvoicetech.hu\/index.php?rest_route=\/wp\/v2\/types\/page"}],"author":[{"embeddable":true,"href":"https:\/\/keyvoicetech.hu\/index.php?rest_route=\/wp\/v2\/users\/1"}],"replies":[{"embeddable":true,"href":"https:\/\/keyvoicetech.hu\/index.php?rest_route=%2Fwp%2Fv2%2Fcomments&post=6"}],"version-history":[{"count":3,"href":"https:\/\/keyvoicetech.hu\/index.php?rest_route=\/wp\/v2\/pages\/6\/revisions"}],"predecessor-version":[{"id":36,"href":"https:\/\/keyvoicetech.hu\/index.php?rest_route=\/wp\/v2\/pages\/6\/revisions\/36"}],"wp:attachment":[{"href":"https:\/\/keyvoicetech.hu\/index.php?rest_route=%2Fwp%2Fv2%2Fmedia&parent=6"}],"curies":[{"name":"wp","href":"https:\/\/api.w.org\/{rel}","templated":true}]}}